{"id":1115,"date":"2021-03-10T10:04:26","date_gmt":"2021-03-10T09:04:26","guid":{"rendered":"https:\/\/www.confagricoltura.org\/ravenna\/enti-associati\/"},"modified":"2026-01-21T17:16:40","modified_gmt":"2026-01-21T16:16:40","slug":"enti-collegati","status":"publish","type":"page","link":"https:\/\/www.confagricoltura.org\/ravenna\/enti-collegati\/","title":{"rendered":"Enti collegati"},"content":{"rendered":"<\/p>\n<div class=\"row\"  id=\"row-34996796\">\n\n\t<div id=\"col-13255828\" class=\"col medium-3 small-12 large-3\"  >\n\t\t\t\t<div class=\"col-inner\"  >\n\t\t\t\n\t\t\t\n\t\t<\/div>\n\t\t\t\t\t<\/div>\n\n\t\n\n\t<div id=\"col-419170909\" class=\"col medium-9 small-12 large-9\"  >\n\t\t\t\t<div class=\"col-inner\"  >\n\t\t\t\n\t\t\t\n<div class=\"is-divider divider clearfix\" style=\"margin-top:0px;margin-bottom:0px;max-width:100%;height:1px;\"><\/div>\n\t\t<\/div>\n\t\t\t\t\t<\/div>\n\n\t\n<\/div>\n<div class=\"row generic-page\"  id=\"row-1733503621\">\n\n\t<div id=\"col-1235325388\" class=\"col medium-3 small-12 large-3\"  >\n\t\t\t\t<div class=\"col-inner\"  >\n\t\t\t\n\t\t\t\n<ul class=\"sidebar-wrapper ul-reset\"><div class=\"textwidget custom-html-widget\"><div class=\"sidebar first-el sidebar-transp\">\r\n<hr>\r\n<p><a href=\"https:\/\/www.confagricoltura.org\/ravenna\/chi-siamo\/\" target=\"_self\">Confagricoltura Ravenna<\/a><\/p>\r\n<hr>\r\n<p><a href=\"https:\/\/www.confagricoltura.org\/ravenna\/dirigenti\/\" target=\"_self\">Dirigenza<\/a><\/p>\r\n<hr>\r\n<p><a href=\"https:\/\/www.confagricoltura.org\/ravenna\/servizi\/\" target=\"_self\">Servizi<\/a><\/p>\r\n<hr>\r\n<p><a href=\"https:\/\/www.confagricoltura.org\/ravenna\/organigramma\/\" target=\"_self\">Organigramma<\/a><\/p>\r\n<hr>\r\n<p><a href=\"https:\/\/www.confagricoltura.org\/ravenna\/enti-collegati\/\" target=\"_self\">Enti collegati<\/a><\/p>\r\n<hr>\r\n<p><a href=\"https:\/\/www.confagricoltura.org\/ravenna\/contatti\/\" target=\"_self\">Contatti<\/a><\/p>\r\n<hr>\r\n<\/div><\/div><div class=\"textwidget custom-html-widget\"><div class=\"sidebar sidebar-blu sidebar-nomenu\">\r\n<h5>Link<\/h5>\r\n<hr>\r\n<a href=\"https:\/\/www.confagricoltura.org\/ravenna\/enti-associati\/agriturist\/\" target=\"_self\"><p>Agriturist Ravenna<\/p><\/a>\r\n<hr>\r\n<a href=\"https:\/\/www.confagricoltura.org\/ravenna\/enti-associati\/anga\/\" target=\"_self\"><p>Anga Giovani Agricoltori<\/p><\/a>\r\n<hr>\r\n<a href=\"https:\/\/www.confagricoltura.org\/ravenna\/enti-associati\/confagricoltura-donna\/\" target=\"_self\"><p>Confagricoltura Donna<\/p><\/a>\r\n<\/div><\/div><div class=\"textwidget custom-html-widget\"><div class=\"sidebar sidebar-blu sidebar-nomenu\">\r\n<h5>Link di interesse<\/h5>\r\n<hr>\r\n<a href=\"https:\/\/www.agerborsamerci.it\/\" target=\"_blank\"><p>Borsa Merci Bologna<\/p><\/a>\r\n\t<hr>\r\n<a href=\"https:\/\/www.mo.camcom.it\/tutela-del-mercato\/borsa-merci\" target=\"_blank\"><p>Borsa Merci Modena<\/p><\/a>\r\n<\/div><\/div><\/ul>\n\t\t<\/div>\n\t\t\t\t\t<\/div>\n\n\t\n\n\t<div id=\"col-834848932\" class=\"col medium-9 small-12 large-9\"  >\n\t\t\t\t<div class=\"col-inner\"  >\n\t\t\t\n\t\t\t\n<ul class=\"sidebar-wrapper ul-reset\"><div class=\"breadcrumbs\" itemscope itemtype=\"https:\/\/schema.org\/BreadcrumbList\"><span property=\"itemListElement\" typeof=\"ListItem\"><a property=\"item\" typeof=\"WebPage\" title=\"Vai a Confagricoltura Ravenna.\" href=\"https:\/\/www.confagricoltura.org\/ravenna\" class=\"home\" aria-current=\"page\"><span property=\"name\">Confagricoltura Ravenna<\/span><\/a><meta property=\"position\" content=\"1\"><\/span><\/div><\/ul>\n<h1>Enti collegati<\/h1>\n<h2>All&#8217;interno di Confagricoltura Ravenna gravitano e sono gestiti una pluralit\u00e0 di enti e associazioni che sono promossi o aderenti.<\/h2>\n\t<div id=\"gap-939491129\" class=\"gap-element clearfix\" style=\"display:block; height:auto;\">\n\t\t\n<style>\n#gap-939491129 {\n  padding-top: 30px;\n}\n<\/style>\n\t<\/div>\n\t\n<h3>ANGA<\/h3>\n<h2>Referente:\u00a0<\/h2>\n<p>La Sezione Regionale dell\u2019Associazione Nazionale Giovani Agricoltori ANGA, che opera presso Confagricoltura Ravenna, ha il compito di associare i giovani che intendono impegnarsi in agricoltura. E\u2019 quindi il naturale anello di congiunzione e di continuazione di ricambio dei Dirigenti e dei Soci dell\u2019Unione stessa.<br \/>L\u2019Associazione Nazionale Giovani Agricoltori A.N.G.A. fa proprie quelle iniziative che si propongono fini inerenti alla tutela, alla difesa ed all\u2019incremento della produzione agricola e che mirano ad infondere, specie nelle nuove generazioni, l\u2019interesse all\u2019agricoltura. <br \/><span class=\"link-with-arrow\"><em>Tel. 0544\/506311<\/em><br \/><em>E-mail: ravenna@confagricoltura.it<\/em><\/span><br \/><span class=\"link-with-arrow\"><a href=\"https:\/\/www.confagricoltura.org\/ravenna\/enti-associati\/anga\/\">Vai alla scheda di ANGA Ravenna<\/a><\/span><\/p>\n<h3>Agriturist Ravenna<\/h3>\n<h2>Referente:\u00a0RICCI BITTI ALESSANDRO<\/h2>\n<p>Agriturist Emilia Romagna \u00e8 la sede regionale dell\u2019Associazione Nazionale per l\u2019agriturismo, l\u2019ambiente e il territorio; promuove e tutela le aziende agrituristiche, i prodotti dell\u2019enogastronomia ferrarese, l\u2019ambiente, il paesaggio, la cultura rurale. Tutto ci\u00f2 si realizza con il contributo e i suggerimenti degli associati, siano essi appassionati di vacanze in fattoria oppure agricoltori che tali vacanze organizzano e offrono.<br \/><span class=\"link-with-arrow\"><em>Tel. 0544\/506311<\/em><br \/><em>E-mail: ravenna@confagricoltura.it<\/em><\/span><br \/><span class=\"link-with-arrow\"><a href=\"https:\/\/www.confagricoltura.org\/ravenna\/enti-associati\/agriturist\/\">Vai alla scheda di Agriturist Ravenna<\/a><\/span><\/p>\n<h3>Confagricoltura Donna<\/h3>\n<h2>Referente: MARCHINI ANTONELLA<\/h2>\n<p>Confagricoltura Donna \u00e8 l\u2019associazione che riunisce le imprenditrici del sistema confederale con l\u2019obiettivo di favorire lo sviluppo dell\u2019imprenditoria femminile e delle pari opportunit\u00e0 nel settore agricolo e, pi\u00f9 in generale, nella societ\u00e0 ed in economia. Confagricoltura Donna \u00e8 stata costituita nel 2012 da cinque imprenditrici, ciascuna rappresentativa della propria regione. <br \/><span class=\"link-with-arrow\"><em>Tel. 0544\/506311<\/em><br \/><em>E-mail: ravenna@confagricoltura.it<\/em><\/span><br \/><span class=\"link-with-arrow\"><a href=\"https:\/\/www.confagricoltura.org\/ravenna\/enti-associati\/confagricoltura-donna\/\">Vai alla scheda di Confagricoltura Donna Ravenna<\/a><\/span><\/p>\n\t<div id=\"gap-130346005\" class=\"gap-element clearfix\" style=\"display:block; height:auto;\">\n\t\t\n<style>\n#gap-130346005 {\n  padding-top: 30px;\n}\n<\/style>\n\t<\/div>\n\t\n<div class=\"social-icons share-icons share-row relative full-width text-right icon-style-outline\" style=\"font-size:101%\"><a href=\"whatsapp:\/\/send?text=Enti%20collegati - https:\/\/www.confagricoltura.org\/ravenna\/enti-collegati\/\" data-action=\"share\/whatsapp\/share\" class=\"icon button circle is-outline tooltip whatsapp show-for-medium\" title=\"Condividi su WhatsApp\" aria-label=\"Condividi su WhatsApp\" ><i class=\"icon-whatsapp\" ><\/i><\/a><a href=\"https:\/\/www.facebook.com\/sharer.php?u=https:\/\/www.confagricoltura.org\/ravenna\/enti-collegati\/\" data-label=\"Facebook\" onclick=\"window.open(this.href,this.title,'width=500,height=500,top=300px,left=300px'); return false;\" target=\"_blank\" class=\"icon button circle is-outline tooltip facebook\" title=\"Condividi su Facebook\" aria-label=\"Condividi su Facebook\" rel=\"noopener nofollow\" ><i class=\"icon-facebook\" ><\/i><\/a><a href=\"https:\/\/twitter.com\/share?url=https:\/\/www.confagricoltura.org\/ravenna\/enti-collegati\/\" onclick=\"window.open(this.href,this.title,'width=500,height=500,top=300px,left=300px'); return false;\" target=\"_blank\" class=\"icon button circle is-outline tooltip twitter\" title=\"Condividi su Twitter\" aria-label=\"Condividi su Twitter\" rel=\"noopener nofollow\" ><i class=\"icon-twitter\" ><\/i><\/a><a href=\"mailto:?subject=Enti%20collegati&body=Dai%20un%26%23039%3Bocchiata%3A%20https%3A%2F%2Fwww.confagricoltura.org%2Fravenna%2Fenti-collegati%2F\" class=\"icon button circle is-outline tooltip email\" title=\"Invia per email ad un Amico\" aria-label=\"Invia per email ad un Amico\" rel=\"nofollow\" ><i class=\"icon-envelop\" ><\/i><\/a><a href=\"https:\/\/www.linkedin.com\/shareArticle?mini=true&url=https:\/\/www.confagricoltura.org\/ravenna\/enti-collegati\/&title=Enti%20collegati\" onclick=\"window.open(this.href,this.title,'width=500,height=500,top=300px,left=300px'); return false;\" target=\"_blank\" class=\"icon button circle is-outline tooltip linkedin\" title=\"Condividi su LinkedIn\" aria-label=\"Condividi su LinkedIn\" rel=\"noopener nofollow\" ><i class=\"icon-linkedin\" ><\/i><\/a><\/div>\n\t\t<\/div>\n\t\t\t\t\t<\/div>\n\n\t\n<\/div>\n<div class=\"row last-update-page\"  id=\"row-1349463567\">\n\n\t<div id=\"col-1839736065\" class=\"col small-12 large-12\"  >\n\t\t\t\t<div class=\"col-inner\"  >\n\t\t\t\n\t\t\t\n<hr>\n<p style=\"text-align: center\"><span data-text-color=\"primary\">Ultima modifica: 21 Gennaio 2026<\/span><\/p>\n\t\t<\/div>\n\t\t\t\t\t<\/div>\n\n\t\n<\/div>\n","protected":false},"excerpt":{"rendered":"","protected":false},"author":1,"featured_media":0,"parent":0,"menu_order":0,"comment_status":"closed","ping_status":"closed","template":"page-blank.php","meta":{"wp_mapbox_gl_js_media":[],"footnotes":""},"class_list":["post-1115","page","type-page","status-publish","hentry"],"yoast_head":"<!-- This site is optimized with the Yoast SEO plugin v26.8 - https:\/\/yoast.com\/product\/yoast-seo-wordpress\/ -->\n<title>Enti collegati - Confagricoltura Ravenna<\/title>\n<meta name=\"robots\" content=\"index, follow, max-snippet:-1, max-image-preview:large, max-video-preview:-1\" \/>\n<link rel=\"canonical\" href=\"https:\/\/www.confagricoltura.org\/ravenna\/enti-collegati\/\" \/>\n<meta property=\"og:locale\" content=\"it_IT\" \/>\n<meta property=\"og:type\" content=\"article\" \/>\n<meta property=\"og:title\" content=\"Enti collegati - Confagricoltura Ravenna\" \/>\n<meta property=\"og:url\" content=\"https:\/\/www.confagricoltura.org\/ravenna\/enti-collegati\/\" \/>\n<meta property=\"og:site_name\" content=\"Confagricoltura Ravenna\" \/>\n<meta property=\"article:modified_time\" content=\"2026-01-21T16:16:40+00:00\" \/>\n<meta name=\"twitter:card\" content=\"summary_large_image\" \/>\n<meta name=\"twitter:label1\" content=\"Tempo di lettura stimato\" \/>\n\t<meta name=\"twitter:data1\" content=\"2 minuti\" \/>\n<script type=\"application\/ld+json\" class=\"yoast-schema-graph\">{\"@context\":\"https:\/\/schema.org\",\"@graph\":[{\"@type\":\"WebPage\",\"@id\":\"https:\/\/www.confagricoltura.org\/ravenna\/enti-collegati\/\",\"url\":\"https:\/\/www.confagricoltura.org\/ravenna\/enti-collegati\/\",\"name\":\"Enti collegati - Confagricoltura Ravenna\",\"isPartOf\":{\"@id\":\"https:\/\/www.confagricoltura.org\/ravenna\/#website\"},\"datePublished\":\"2021-03-10T09:04:26+00:00\",\"dateModified\":\"2026-01-21T16:16:40+00:00\",\"breadcrumb\":{\"@id\":\"https:\/\/www.confagricoltura.org\/ravenna\/enti-collegati\/#breadcrumb\"},\"inLanguage\":\"it-IT\",\"potentialAction\":[{\"@type\":\"ReadAction\",\"target\":[\"https:\/\/www.confagricoltura.org\/ravenna\/enti-collegati\/\"]}]},{\"@type\":\"BreadcrumbList\",\"@id\":\"https:\/\/www.confagricoltura.org\/ravenna\/enti-collegati\/#breadcrumb\",\"itemListElement\":[{\"@type\":\"ListItem\",\"position\":1,\"name\":\"Home\",\"item\":\"https:\/\/www.confagricoltura.org\/ravenna\/\"},{\"@type\":\"ListItem\",\"position\":2,\"name\":\"Enti collegati\"}]},{\"@type\":\"WebSite\",\"@id\":\"https:\/\/www.confagricoltura.org\/ravenna\/#website\",\"url\":\"https:\/\/www.confagricoltura.org\/ravenna\/\",\"name\":\"Confagricoltura Ravenna\",\"description\":\"Dalla parte degli Agricoltori\",\"potentialAction\":[{\"@type\":\"SearchAction\",\"target\":{\"@type\":\"EntryPoint\",\"urlTemplate\":\"https:\/\/www.confagricoltura.org\/ravenna\/?s={search_term_string}\"},\"query-input\":{\"@type\":\"PropertyValueSpecification\",\"valueRequired\":true,\"valueName\":\"search_term_string\"}}],\"inLanguage\":\"it-IT\"}]}<\/script>\n<!-- \/ Yoast SEO plugin. -->","yoast_head_json":{"title":"Enti collegati - Confagricoltura Ravenna","robots":{"index":"index","follow":"follow","max-snippet":"max-snippet:-1","max-image-preview":"max-image-preview:large","max-video-preview":"max-video-preview:-1"},"canonical":"https:\/\/www.confagricoltura.org\/ravenna\/enti-collegati\/","og_locale":"it_IT","og_type":"article","og_title":"Enti collegati - Confagricoltura Ravenna","og_url":"https:\/\/www.confagricoltura.org\/ravenna\/enti-collegati\/","og_site_name":"Confagricoltura Ravenna","article_modified_time":"2026-01-21T16:16:40+00:00","twitter_card":"summary_large_image","twitter_misc":{"Tempo di lettura stimato":"2 minuti"},"schema":{"@context":"https:\/\/schema.org","@graph":[{"@type":"WebPage","@id":"https:\/\/www.confagricoltura.org\/ravenna\/enti-collegati\/","url":"https:\/\/www.confagricoltura.org\/ravenna\/enti-collegati\/","name":"Enti collegati - Confagricoltura Ravenna","isPartOf":{"@id":"https:\/\/www.confagricoltura.org\/ravenna\/#website"},"datePublished":"2021-03-10T09:04:26+00:00","dateModified":"2026-01-21T16:16:40+00:00","breadcrumb":{"@id":"https:\/\/www.confagricoltura.org\/ravenna\/enti-collegati\/#breadcrumb"},"inLanguage":"it-IT","potentialAction":[{"@type":"ReadAction","target":["https:\/\/www.confagricoltura.org\/ravenna\/enti-collegati\/"]}]},{"@type":"BreadcrumbList","@id":"https:\/\/www.confagricoltura.org\/ravenna\/enti-collegati\/#breadcrumb","itemListElement":[{"@type":"ListItem","position":1,"name":"Home","item":"https:\/\/www.confagricoltura.org\/ravenna\/"},{"@type":"ListItem","position":2,"name":"Enti collegati"}]},{"@type":"WebSite","@id":"https:\/\/www.confagricoltura.org\/ravenna\/#website","url":"https:\/\/www.confagricoltura.org\/ravenna\/","name":"Confagricoltura Ravenna","description":"Dalla parte degli Agricoltori","potentialAction":[{"@type":"SearchAction","target":{"@type":"EntryPoint","urlTemplate":"https:\/\/www.confagricoltura.org\/ravenna\/?s={search_term_string}"},"query-input":{"@type":"PropertyValueSpecification","valueRequired":true,"valueName":"search_term_string"}}],"inLanguage":"it-IT"}]}},"_links":{"self":[{"href":"https:\/\/www.confagricoltura.org\/ravenna\/wp-json\/wp\/v2\/pages\/1115","targetHints":{"allow":["GET"]}}],"collection":[{"href":"https:\/\/www.confagricoltura.org\/ravenna\/wp-json\/wp\/v2\/pages"}],"about":[{"href":"https:\/\/www.confagricoltura.org\/ravenna\/wp-json\/wp\/v2\/types\/page"}],"author":[{"embeddable":true,"href":"https:\/\/www.confagricoltura.org\/ravenna\/wp-json\/wp\/v2\/users\/1"}],"replies":[{"embeddable":true,"href":"https:\/\/www.confagricoltura.org\/ravenna\/wp-json\/wp\/v2\/comments?post=1115"}],"version-history":[{"count":11,"href":"https:\/\/www.confagricoltura.org\/ravenna\/wp-json\/wp\/v2\/pages\/1115\/revisions"}],"predecessor-version":[{"id":1332,"href":"https:\/\/www.confagricoltura.org\/ravenna\/wp-json\/wp\/v2\/pages\/1115\/revisions\/1332"}],"wp:attachment":[{"href":"https:\/\/www.confagricoltura.org\/ravenna\/wp-json\/wp\/v2\/media?parent=1115"}],"curies":[{"name":"wp","href":"https:\/\/api.w.org\/{rel}","templated":true}]}}