{"id":6886,"date":"2023-11-26T10:57:15","date_gmt":"2023-11-26T09:57:15","guid":{"rendered":"https:\/\/www.confagricoltura.org\/bologna\/?page_id=6886"},"modified":"2023-11-26T11:01:04","modified_gmt":"2023-11-26T10:01:04","slug":"informativa-privacy","status":"publish","type":"page","link":"https:\/\/www.confagricoltura.org\/bologna\/informativa-privacy\/","title":{"rendered":"Informativa Privacy"},"content":{"rendered":"<div class=\"row\"  id=\"row-1705971683\">\n\n\t<div id=\"col-1697302500\" class=\"col medium-3 small-12 large-3\"  >\n\t\t\t\t<div class=\"col-inner\"  >\n\t\t\t\n\t\t\t\n\t\t<\/div>\n\t\t\t\t\t<\/div>\n\n\t\n\n\t<div id=\"col-55665168\" class=\"col medium-9 small-12 large-9\"  >\n\t\t\t\t<div class=\"col-inner\"  >\n\t\t\t\n\t\t\t\n<div class=\"is-divider divider clearfix\" style=\"margin-top:0px;margin-bottom:0px;max-width:100%;height:1px;\"><\/div>\n\t\t<\/div>\n\t\t\t\t\t<\/div>\n\n\t\n<\/div>\n<div class=\"row contacts\"  id=\"row-1782922420\">\n\n\t<div id=\"col-891575109\" class=\"col medium-3 small-12 large-3\"  >\n\t\t\t\t<div class=\"col-inner\"  >\n\t\t\t\n\t\t\t\n<ul class=\"sidebar-wrapper ul-reset\"><div class=\"textwidget custom-html-widget\"><div class=\"sidebar first-el sidebar-transp\">\r\n<hr>\r\n<p><a href=\"https:\/\/www.confagricoltura.org\/bologna\/chi-siamo\/\" target=\"_self\">Confagricoltura Bologna<\/a><\/p>\r\n<hr>\r\n<p><a href=\"https:\/\/www.confagricoltura.org\/bologna\/dirigenti\/\" target=\"_self\">Dirigenza<\/a><\/p>\r\n<hr>\r\n<p><a href=\"https:\/\/www.confagricoltura.org\/bologna\/servizi\/\" target=\"_self\">Servizi<\/a><\/p>\r\n<hr>\r\n<p><a href=\"https:\/\/www.confagricoltura.org\/bologna\/attivita-sindacali\/\" target=\"_self\">Attivit\u00e0 sindacali<\/a><\/p>\r\n<hr>\r\n<p><a href=\"https:\/\/www.confagricoltura.org\/bologna\/organigramma\/\" target=\"_self\">Organigramma<\/a><\/p>\r\n<hr>\r\n<p><a href=\"https:\/\/www.confagricoltura.org\/bologna\/enti-collegati\/\" target=\"_self\">Enti collegati<\/a><\/p>\r\n<hr>\r\n<p><a href=\"https:\/\/www.confagricoltura.org\/bologna\/contatti\/\" target=\"_self\">Contatti<\/a><\/p>\r\n<hr>\r\n\t<p><a href=\"https:\/\/www.confagricoltura.org\/bologna\/link-di-interesse\/\" target=\"_self\">Link di interesse<\/a><\/p>\r\n<hr>\r\n<p><a href=\"https:\/\/www.confagricoltura.org\/bologna\/whistleblowing\/\" target=\"_self\">Whistleblowing<\/a><\/p>\r\n<hr>\r\n<\/div><\/div><\/ul>\n\t\t<\/div>\n\t\t\t\t\t<\/div>\n\n\t\n\n\t<div id=\"col-936603024\" class=\"col medium-7 small-12 large-7\"  >\n\t\t\t\t<div class=\"col-inner\"  >\n\t\t\t\n\t\t\t\n<ul class=\"sidebar-wrapper ul-reset\"><div class=\"breadcrumbs\" itemscope itemtype=\"https:\/\/schema.org\/BreadcrumbList\"><span property=\"itemListElement\" typeof=\"ListItem\"><a property=\"item\" typeof=\"WebPage\" title=\"Vai a Confagricoltura Bologna.\" href=\"https:\/\/www.confagricoltura.org\/bologna\" class=\"home\" aria-current=\"page\"><span property=\"name\">Confagricoltura Bologna<\/span><\/a><meta property=\"position\" content=\"1\"><\/span><\/div><\/ul>\n<h1>Informativa Privacy<\/h1>\n\t<div id=\"text-4270668724\" class=\"text address-contact\">\n\t\t\n<p>Il \u201cRegolamento Europeo 2016\/679 relativo alla protezione delle persone fisiche con riguardo al Trattamento dei Dati Personali, nonch\u00e9 alla libera circolazione di tali dati\u201d (da ora in poi \u201cGDPR\u201d) prevede la tutela delle persone e di altri soggetti rispetto al trattamento dei dati personali. Confagricoltura Bologna, ai sensi dell&#8217;articolo 13 e dell\u2019articolo 14 del GDPR, pertanto, Le fornisce le seguenti informazioni:<br \/>\nA. CATEGORIE DI DATI: oggetto del trattamento possono essere i suoi dati personali quali dati identificativi (es. nome, cognome, et\u00e0, sesso, luogo e data di nascita, indirizzo privato, codice fiscale, carta di identit\u00e0\/passaporto\/patente di guida, numero di posizione previdenziale o assistenziale, stato civile e stati di famiglia, eredi per competenze successorie, \u2026), dati di contatto (numero di telefono e indirizzo mail), dati aziendali (riferibili alla consistenza ed alle caratteristiche dell\u2019azienda agricola, ai rispettivi amministratori, dipendenti, collaboratori e consulenti, al volume d\u2019affari, ai rapporti commerciali e dati contabili-amministrativi) ed eventualmente dati particolari ex art. 9 del GDPR (appartenenza sindacale, dati relativi alla salute quali certificati di malattia ed infortunio, certificati di gravidanza etc) e dati giudiziari ex art. 10 del GDPR (contenuti nei carichi pendenti, nelle sentenze e documentazione annessa)<br \/>\nB. TITOLARE DEL TRATTAMENTO: il titolare del trattamento \u00e8 Confagricoltura Bologna, Via B. Tosarelli, 155 \u2013 40055 Villanova di Castenaso (BO), Partita IVA 02105600379, contattabile telefonicamente allo 051.783922 o alla mail\u00a0<a href=\"mailto:bologna@confagricoltura.it\">bologna@confagricoltura.it<\/a><br \/>\nC. FONTE DEI DATI PERSONALI: I dati personali in possesso del Titolare sono raccolti direttamente presso l\u2019interessato.<br \/>\nD. FINALIT\u00c0 DI TRATTAMENTO DEI DATI E BASE GIURIDICA: i dati personali sono trattati dal Titolare secondo le seguenti finalit\u00e0:<br \/>\n\u2022 Finalit\u00e0 connesse alla gestione degli adempimenti previsti dalla legge.<br \/>\n\u2022 Finalit\u00e0 che hanno come base giuridica il suo consenso:<br \/>\n1. OBBLIGATORIO PER PROCEDERE ALLE FINALIT\u00c0 ISTITUZIONALI-ASSOCIATIVE DI ASSISTENZA RAPPRESENTANZA, QUALI:<br \/>\ninstaurazione, gestione ed estinzione del rapporto associativo; ovvero derivanti dalle attivit\u00e0 di rappresentanza ed assistenza, anche in materia tecnico-legale, fiscale, amministrativa, contabile, finanziaria; assistenza e rappresentanza dei soci nella stipula di contratti; promozione di attivit\u00e0 ed iniziative volte all\u2019istruzione professionale delle categorie rappresentate; alla tutela ed assistenza sindacale, sociale, economica e tecnica nonch\u00e9 allo sviluppo delle relazioni commerciali all\u2019interno ed all\u2019esterno dell\u2019associazione; designazione e nomina dei propri rappresentanti in enti, commissioni od altri organismi pubblici o privati; invio di comunicazioni informative: convocazione degli organi dell\u2019associazione e dei sindacati\/sezioni di cui si compone e informazioni d\u2019interesse per l\u2019attivit\u00e0 imprenditoriale agricola.<br \/>\n2. FACOLTATIVO PER LE SEGUENTI FINALIT\u00c0:<br \/>\na. Instaurazione, gestione ed estinzione dell\u2019abbonamento alla rivista<br \/>\nb. Invio di materiale divulgativo e\/o informativo attinente all\u2019attivit\u00e0 svolta dalla Societ\u00e0 o dalla Confagricoltura nazionale, regionale, provinciale o comunitaria (ad. es. atti, convegni, seminari, gruppi di lavoro, riunioni su temi specifici, etc.) da parte del Titolare, anche per mezzo di newsletter, sms o altri strumenti digitali<br \/>\nc. Invio di materiale divulgativo e\/o informativo attinente all\u2019attivit\u00e0 svolta dalla Societ\u00e0 o dalla Confagricoltura nazionale, regionale, provinciale o comunitaria (ad. es. atti, convegni, seminari, gruppi di lavoro, riunioni su temi specifici, etc.) da parte di partner commerciali del Titolare, anche per mezzo di newsletter, sms, app, o altri strumenti digitali<br \/>\nd. Trasferimento all\u2019estero per bandi e\/o strumenti web (Whatsapp, Google drive, One Drive, I cloud, Dropbox, ..)<br \/>\nE. DESTINATARI DEI DATI: Nei limiti pertinenti alle finalit\u00e0, i suoi dati potranno essere comunicati a vari destinatari quali enti pubblici e privati per obbligo di legge o comunicati a soggetti funzionali al raggiungimento delle finalit\u00e0 sopra esposte interni ed esterni al Titolare quali, a titolo non esaustivo, collaboratori, libero professionisti, compagnie assicurative, intermediari assicurativi, studi legali, partner tecnici, istituti bancari, strutture\/societ\u00e0\/enti\/societ\u00e0 di servizi provinciali, regionale e nazionale della Confederazione Generale dell\u2019Agricoltura Italiana; Pubbliche Amministrazioni e\/o organismi associativi pubblici o privati collegati o d\u2019interesse per il mondo agricolo<br \/>\nF. TRASFERIMENTO DEI DATI VERSO PAESI TERZI: i dati raccolti non sono oggetto di trasferimento verso paesi terzi al di fuori della Comunit\u00e0 Europea se non in caso di utilizzo di WhatsApp, strumenti di Google e\/o Microsoft o in Facebook . Tale trasferimento \u00e8 ammesso in base a decisioni di adeguatezza della Commissione Europea (es. la decisione 1250\/2016 -Privacy Shield- per gli U.S.A.).<br \/>\nG. PERIODO DI CONSERVAZIONE: i dati raccolti verranno conservati per un arco di tempo non superiore al conseguimento delle finalit\u00e0 per le quali sono trattati (\u201cprincipio di limitazione della conservazione\u201d, art.5, GDPR) o in base alle scadenze previste dalle norme di legge. La verifica sulla obsolescenza dei dati conservati in relazione alle finalit\u00e0 per cui sono stati raccolti viene effettuata periodicamente.<br \/>\nH. DIRITTI DELL\u2019INTERESSATO: l\u2019interessato ha sempre diritto a richiedere al Titolare l\u2019accesso ai Suoi dati, la rettifica o la cancellazione degli stessi, la limitazione del trattamento o la possibilit\u00e0 di opporsi al trattamento, di richiedere la portabilit\u00e0 dei dati, di revocare il consenso al trattamento facendo valere questi e gli altri diritti previsti dal GDPR tramite semplice comunicazione al Titolare. L\u2019interessato pu\u00f2 proporre reclamo anche a un\u2019autorit\u00e0 di controllo.<br \/>\nI. OBBLIGATORIETA\u2019 O MENO DEL CONFERIMENTO: Per le finalit\u00e0 sopra indicate al punto D.1, la comunicazione dei dati personali \u00e8 un requisito obbligatorio per adempiere alle attivit\u00e0 previste dallo statuto e per dare esecuzione alle operazione ed ai servizi sopra specificati mentre per le finalit\u00e0 indicate al punto D.2 la comunicazione dei dati \u00e8 facoltativa e un suo rifiuto non comprometter\u00e0 in alcun modo il rapporto instaurato.<br \/>\nJ. MODALIT\u00c0 DI TRATTAMENTO DEI DATI: i dati personali da Lei forniti, formeranno oggetto di operazioni di trattamento nel rispetto della normativa sopracitata e degli obblighi di riservatezza cui \u00e8 ispirata l&#8217;attivit\u00e0 del Titolare. I dati verranno trattati sia con strumenti informatici sia su supporti cartacei sia su ogni altro tipo di supporto idoneo (es. sistemi in cloud, sistemi di archiviazione e conservazione sostitutiva digitale, \u2026), nel rispetto di adeguate misure tecniche ed organizzative di sicurezza previste dal GDPR.<br \/>\nK. DATI DI CONTATTO DEL D.P.O. : il titolare ha provveduto alla nomina del D.P.O. contattabile via mail all\u2019indirizzo\u00a0<a href=\"mailto:confagricolturabologna@segnalazionidpo.it\">confagricolturabologna@segnalazionidpo.it<\/a><\/p>\n\t\t\t<\/div>\n\t\n\t<div id=\"gap-1579340590\" class=\"gap-element clearfix\" style=\"display:block; height:auto;\">\n\t\t\n<style>\n#gap-1579340590 {\n  padding-top: 20px;\n}\n<\/style>\n\t<\/div>\n\t\n\t<div id=\"gap-635738217\" class=\"gap-element clearfix\" style=\"display:block; height:auto;\">\n\t\t\n<style>\n#gap-635738217 {\n  padding-top: 30px;\n}\n<\/style>\n\t<\/div>\n\t\n\t<div id=\"gap-911842076\" class=\"gap-element clearfix\" style=\"display:block; height:auto;\">\n\t\t\n<style>\n#gap-911842076 {\n  padding-top: 20px;\n}\n<\/style>\n\t<\/div>\n\t\n\t<div id=\"gap-2057301151\" class=\"gap-element clearfix\" style=\"display:block; height:auto;\">\n\t\t\n<style>\n#gap-2057301151 {\n  padding-top: 20px;\n}\n<\/style>\n\t<\/div>\n\t\n\t<div id=\"gap-2100315445\" class=\"gap-element clearfix\" style=\"display:block; height:auto;\">\n\t\t\n<style>\n#gap-2100315445 {\n  padding-top: 20px;\n}\n<\/style>\n\t<\/div>\n\t\n\t<div id=\"gap-1091712945\" class=\"gap-element clearfix\" style=\"display:block; height:auto;\">\n\t\t\n<style>\n#gap-1091712945 {\n  padding-top: 20px;\n}\n<\/style>\n\t<\/div>\n\t\n\t<div id=\"gap-1363961895\" class=\"gap-element clearfix\" style=\"display:block; height:auto;\">\n\t\t\n<style>\n#gap-1363961895 {\n  padding-top: 20px;\n}\n<\/style>\n\t<\/div>\n\t\n\t<div id=\"gap-1961570645\" class=\"gap-element clearfix\" style=\"display:block; height:auto;\">\n\t\t\n<style>\n#gap-1961570645 {\n  padding-top: 30px;\n}\n<\/style>\n\t<\/div>\n\t\n\t<div id=\"gap-1313166350\" class=\"gap-element clearfix\" style=\"display:block; height:auto;\">\n\t\t\n<style>\n#gap-1313166350 {\n  padding-top: 122px;\n}\n<\/style>\n\t<\/div>\n\t\n\t\t<\/div>\n\t\t\t\t\t<\/div>\n\n\t\n\n\t<div id=\"col-998530653\" class=\"col medium-2 small-12 large-2\"  >\n\t\t\t\t<div class=\"col-inner\"  >\n\t\t\t\n\t\t\t\n<ul class=\"sidebar-wrapper ul-reset\"><div class=\"textwidget custom-html-widget\"><div class=\"sidebar sidebar-orange sidebar-nomenu dx-solo\"><h5>Seguici<\/h5>\r\n<hr>\r\n<div class=\"social-icons share-icons share-row relative icon-style-outline\" style=\"font-size:101%\"> <a href=\"https:\/\/www.facebook.com\/ConfagricolturaBologna\" data-label=\"Facebook\" onclick=\"window.open(this.href,this.title,'width=500,height=500,top=300px,left=300px');  return false;\" rel=\"noopener noreferrer nofollow\" target=\"_blank\" class=\"icon button circle is-outline tooltip facebook tooltipstered\"><i class=\"icon-facebook\"><\/i><\/a> <a href=\"https:\/\/www.instagram.com\/confagricolturabologna\/\" onclick=\"window.open(this.href,this.title,'width=500,height=500,top=300px,left=300px');  return false;\" rel=\"noopener noreferrer nofollow\" target=\"_blank\" class=\"icon button circle is-outline tooltip twitter tooltipstered\"><i class=\"icon-instagram\"><\/i><\/a>\r\n<a href=\"https:\/\/www.youtube.com\/channel\/UC2FO9pL1EGNutYRUxb4tLGg?view_as=subscriber\" onclick=\"window.open(this.href,this.title,'width=500,height=500,top=300px,left=300px');  return false;\" rel=\"noopener noreferrer nofollow\" target=\"_blank\" class=\"icon button circle is-outline tooltip linkedin tooltipstered\"><i class=\"icon-youtube\"><\/i><\/a> <\/div>\r\n<\/div><\/div><\/ul>\n\t\t<\/div>\n\t\t\t\t\t<\/div>\n\n\t\n<\/div>\n<div class=\"row row-collapse row-full-width\"  id=\"row-285364044\">\n\n\t<div id=\"col-1103268019\" class=\"col small-12 large-12\"  >\n\t\t\t\t<div class=\"col-inner\"  >\n\t\t\t\n\t\t\t\n\t\t\t\t<input type=\"hidden\" id=\"wp_mapbox_gl_js_wordpress_url\" value='https:\/\/www.confagricoltura.org\/bologna' \/>\n\t\t\t\t<input type=\"hidden\" id=\"wp_mapbox_gl_js_plugin_url\" value='https:\/\/www.confagricoltura.org\/bologna\/wp-content\/plugins' \/>\n\t\t\t\t<div\n\t\t\t\t\tid='wp_mapbox_gl_js_map-714983383'\n\t\t\t\t\tstyle='height:400px;width:100%'\n\t\t\t\t\tdata-center='11.434567206063,44.502017287687'\n\t\t\t\t\tdata-zoom='13.046689523627'\n\t\t\t\t\tdata-scroll-zoom='false'\n\t\t\t\t\tdata-pitch='0'\n\t\t\t\t\tdata-bearing='0'\n\t\t\t\t\tdata-style='mapbox:\/\/styles\/mapbox\/outdoors-v10'\n\t\t\t\t\tdata-controls='{\"navigation\":true,\"geocoder\":false,\"fullscreen\":false,\"scale\":false,\"directions\":false,\"scrollZoom\":false,\"categoryFilter\":false,\"layerFilter\":false,\"preFillInput\":false,\"geolocaterControl\":false,\"locationSidebar\":false,\"markerNoDisappear\":false,\"clusterMarkers\":false}'\n\t\t\t\t\tdata-mapdata='[{&quot;id&quot;:&quot;648bd0891a30987c9a438541064fa17d&quot;,&quot;type&quot;:&quot;Feature&quot;,&quot;properties&quot;:{&quot;name&quot;:&quot;&quot;,&quot;description&quot;:&quot;&lt;div&gt;&lt;div class=\\&quot;mapbox-header\\&quot;&gt;&lt;strong&gt;Confagricoltura Bologna &lt;\\\/strong&gt;&lt;\\\/div&gt;&lt;div class=\\&quot;mapbox-description\\&quot;&gt;&lt;div class=\\&quot;desc-col-sx\\&quot;&gt;Via B. Tosarelli, 155, Villanova di Castenaso, Bologna&lt;br&gt;&lt;a href=\\&quot;https:\\\/\\\/www.confagricoltura.org\\\/bologna\\\/contattaci\\\/\\&quot; data-mce-href=\\&quot;https:\\\/\\\/www.confagricoltura.org\\\/bologna\\\/contattaci\\\/\\&quot;&gt;Contattaci&lt;\\\/a&gt;&lt;br data-mce-bogus=\\&quot;1\\&quot;&gt;&lt;\\\/div&gt;&lt;div class=\\&quot;desc-col-dx\\&quot;&gt;&lt;img class=\\&quot;alignright wp-image-5223\\&quot; src=\\&quot;https:\\\/\\\/www.confagricoltura.org\\\/bologna\\\/wp-content\\\/uploads\\\/sites\\\/12\\\/2021\\\/03\\\/map-upa-bo.jpg\\&quot; alt=\\&quot;Confagri Bologna\\&quot; data-mce-src=\\&quot;https:\\\/\\\/www.confagricoltura.org\\\/bologna\\\/wp-content\\\/uploads\\\/sites\\\/12\\\/2021\\\/03\\\/map-upa-bo.jpg\\&quot; width=\\&quot;116\\&quot; height=\\&quot;87\\&quot;&gt;&lt;\\\/div&gt;&lt;\\\/div&gt;&lt;\\\/div&gt;&quot;,&quot;color&quot;:&quot;#333&quot;,&quot;marker_icon_url&quot;:&quot;https:\\\/\\\/www.confagricoltura.org\\\/bologna\\\/wp-content\\\/uploads\\\/sites\\\/12\\\/2021\\\/01\\\/pin_conf2.png-wp_mapbox_gl_js_sizing-200-200&quot;,&quot;marker_title&quot;:&quot;Marker&quot;,&quot;category&quot;:&quot;&quot;,&quot;popup_open&quot;:false,&quot;opacity&quot;:0.4,&quot;marker_icon_anchor&quot;:&quot;bottom&quot;},&quot;geometry&quot;:{&quot;coordinates&quot;:[11.438667127634716,44.50104783198887],&quot;type&quot;:&quot;Point&quot;}}]'\n\t\t\t\t\tdata-token='pk.eyJ1IjoiY2lhbWJlcmxpbmkiLCJhIjoiY2toZ2F2eHFrMHhyNTJ0bDZ2dmxiMW5rZiJ9.5ecXMLhjg902eG_IXS540Q'\n\t\t\t\t\tdata-map-categories='[]'\n\t\t\t\t\tdata-map-origin='\"\"'\n\t\t\t\t\tdata-map-destination='\"\"'\n\t\t\t\t\tdata-map-layers-filter='[]'\n\t\t\t\t\tclass=\"wp-mapbox-gl-js-map\" ><\/div>\n\t\t\t\n\t\t<\/div>\n\t\t\t\t\t<\/div>\n\n\t\n<\/div>\n<div class=\"row row-collapse last-update-page\"  id=\"row-375934122\">\n\n\t<div id=\"col-345376983\" class=\"col small-12 large-12\"  >\n\t\t\t\t<div class=\"col-inner\"  >\n\t\t\t\n\t\t\t\n<hr \/>\n<p style=\"text-align: center;\"><span data-text-color=\"primary\">Ultima modifica: 26 Novembre 2023<\/span><\/p>\n\t\t<\/div>\n\t\t\t\t\t<\/div>\n\n\t\n<\/div>\n","protected":false},"excerpt":{"rendered":"","protected":false},"author":3,"featured_media":0,"parent":0,"menu_order":0,"comment_status":"closed","ping_status":"closed","template":"page-blank.php","meta":{"wp_mapbox_gl_js_media":[],"footnotes":""},"class_list":["post-6886","page","type-page","status-publish","hentry"],"yoast_head":"<!-- This site is optimized with the Yoast SEO plugin v26.8 - https:\/\/yoast.com\/product\/yoast-seo-wordpress\/ -->\n<title>Informativa Privacy - Confagricoltura Bologna<\/title>\n<meta name=\"robots\" content=\"index, follow, max-snippet:-1, max-image-preview:large, max-video-preview:-1\" \/>\n<link rel=\"canonical\" href=\"https:\/\/www.confagricoltura.org\/bologna\/informativa-privacy\/\" \/>\n<meta property=\"og:locale\" content=\"it_IT\" \/>\n<meta property=\"og:type\" content=\"article\" \/>\n<meta property=\"og:title\" content=\"Informativa Privacy - Confagricoltura Bologna\" \/>\n<meta property=\"og:url\" content=\"https:\/\/www.confagricoltura.org\/bologna\/informativa-privacy\/\" \/>\n<meta property=\"og:site_name\" content=\"Confagricoltura Bologna\" \/>\n<meta property=\"article:modified_time\" content=\"2023-11-26T10:01:04+00:00\" \/>\n<meta name=\"twitter:card\" content=\"summary_large_image\" \/>\n<meta name=\"twitter:label1\" content=\"Tempo di lettura stimato\" \/>\n\t<meta name=\"twitter:data1\" content=\"3 minuti\" \/>\n<script type=\"application\/ld+json\" class=\"yoast-schema-graph\">{\"@context\":\"https:\/\/schema.org\",\"@graph\":[{\"@type\":\"WebPage\",\"@id\":\"https:\/\/www.confagricoltura.org\/bologna\/informativa-privacy\/\",\"url\":\"https:\/\/www.confagricoltura.org\/bologna\/informativa-privacy\/\",\"name\":\"Informativa Privacy - Confagricoltura Bologna\",\"isPartOf\":{\"@id\":\"https:\/\/www.confagricoltura.org\/bologna\/#website\"},\"datePublished\":\"2023-11-26T09:57:15+00:00\",\"dateModified\":\"2023-11-26T10:01:04+00:00\",\"breadcrumb\":{\"@id\":\"https:\/\/www.confagricoltura.org\/bologna\/informativa-privacy\/#breadcrumb\"},\"inLanguage\":\"it-IT\",\"potentialAction\":[{\"@type\":\"ReadAction\",\"target\":[\"https:\/\/www.confagricoltura.org\/bologna\/informativa-privacy\/\"]}]},{\"@type\":\"BreadcrumbList\",\"@id\":\"https:\/\/www.confagricoltura.org\/bologna\/informativa-privacy\/#breadcrumb\",\"itemListElement\":[{\"@type\":\"ListItem\",\"position\":1,\"name\":\"Home\",\"item\":\"https:\/\/www.confagricoltura.org\/bologna\/\"},{\"@type\":\"ListItem\",\"position\":2,\"name\":\"Informativa Privacy\"}]},{\"@type\":\"WebSite\",\"@id\":\"https:\/\/www.confagricoltura.org\/bologna\/#website\",\"url\":\"https:\/\/www.confagricoltura.org\/bologna\/\",\"name\":\"Confagricoltura Bologna\",\"description\":\"Dalla parte degli Agricoltori\",\"potentialAction\":[{\"@type\":\"SearchAction\",\"target\":{\"@type\":\"EntryPoint\",\"urlTemplate\":\"https:\/\/www.confagricoltura.org\/bologna\/?s={search_term_string}\"},\"query-input\":{\"@type\":\"PropertyValueSpecification\",\"valueRequired\":true,\"valueName\":\"search_term_string\"}}],\"inLanguage\":\"it-IT\"}]}<\/script>\n<!-- \/ Yoast SEO plugin. -->","yoast_head_json":{"title":"Informativa Privacy - Confagricoltura Bologna","robots":{"index":"index","follow":"follow","max-snippet":"max-snippet:-1","max-image-preview":"max-image-preview:large","max-video-preview":"max-video-preview:-1"},"canonical":"https:\/\/www.confagricoltura.org\/bologna\/informativa-privacy\/","og_locale":"it_IT","og_type":"article","og_title":"Informativa Privacy - Confagricoltura Bologna","og_url":"https:\/\/www.confagricoltura.org\/bologna\/informativa-privacy\/","og_site_name":"Confagricoltura Bologna","article_modified_time":"2023-11-26T10:01:04+00:00","twitter_card":"summary_large_image","twitter_misc":{"Tempo di lettura stimato":"3 minuti"},"schema":{"@context":"https:\/\/schema.org","@graph":[{"@type":"WebPage","@id":"https:\/\/www.confagricoltura.org\/bologna\/informativa-privacy\/","url":"https:\/\/www.confagricoltura.org\/bologna\/informativa-privacy\/","name":"Informativa Privacy - Confagricoltura Bologna","isPartOf":{"@id":"https:\/\/www.confagricoltura.org\/bologna\/#website"},"datePublished":"2023-11-26T09:57:15+00:00","dateModified":"2023-11-26T10:01:04+00:00","breadcrumb":{"@id":"https:\/\/www.confagricoltura.org\/bologna\/informativa-privacy\/#breadcrumb"},"inLanguage":"it-IT","potentialAction":[{"@type":"ReadAction","target":["https:\/\/www.confagricoltura.org\/bologna\/informativa-privacy\/"]}]},{"@type":"BreadcrumbList","@id":"https:\/\/www.confagricoltura.org\/bologna\/informativa-privacy\/#breadcrumb","itemListElement":[{"@type":"ListItem","position":1,"name":"Home","item":"https:\/\/www.confagricoltura.org\/bologna\/"},{"@type":"ListItem","position":2,"name":"Informativa Privacy"}]},{"@type":"WebSite","@id":"https:\/\/www.confagricoltura.org\/bologna\/#website","url":"https:\/\/www.confagricoltura.org\/bologna\/","name":"Confagricoltura Bologna","description":"Dalla parte degli Agricoltori","potentialAction":[{"@type":"SearchAction","target":{"@type":"EntryPoint","urlTemplate":"https:\/\/www.confagricoltura.org\/bologna\/?s={search_term_string}"},"query-input":{"@type":"PropertyValueSpecification","valueRequired":true,"valueName":"search_term_string"}}],"inLanguage":"it-IT"}]}},"_links":{"self":[{"href":"https:\/\/www.confagricoltura.org\/bologna\/wp-json\/wp\/v2\/pages\/6886","targetHints":{"allow":["GET"]}}],"collection":[{"href":"https:\/\/www.confagricoltura.org\/bologna\/wp-json\/wp\/v2\/pages"}],"about":[{"href":"https:\/\/www.confagricoltura.org\/bologna\/wp-json\/wp\/v2\/types\/page"}],"author":[{"embeddable":true,"href":"https:\/\/www.confagricoltura.org\/bologna\/wp-json\/wp\/v2\/users\/3"}],"replies":[{"embeddable":true,"href":"https:\/\/www.confagricoltura.org\/bologna\/wp-json\/wp\/v2\/comments?post=6886"}],"version-history":[{"count":2,"href":"https:\/\/www.confagricoltura.org\/bologna\/wp-json\/wp\/v2\/pages\/6886\/revisions"}],"predecessor-version":[{"id":6888,"href":"https:\/\/www.confagricoltura.org\/bologna\/wp-json\/wp\/v2\/pages\/6886\/revisions\/6888"}],"wp:attachment":[{"href":"https:\/\/www.confagricoltura.org\/bologna\/wp-json\/wp\/v2\/media?parent=6886"}],"curies":[{"name":"wp","href":"https:\/\/api.w.org\/{rel}","templated":true}]}}