{"id":5072,"date":"2021-03-10T10:04:26","date_gmt":"2021-03-10T09:04:26","guid":{"rendered":"https:\/\/www.confagricoltura.org\/bologna\/enti-associati\/"},"modified":"2025-12-02T09:45:58","modified_gmt":"2025-12-02T08:45:58","slug":"enti-collegati","status":"publish","type":"page","link":"https:\/\/www.confagricoltura.org\/bologna\/enti-collegati\/","title":{"rendered":"Enti collegati"},"content":{"rendered":"<\/p>\n<div class=\"row\"  id=\"row-1465585334\">\n\n\t<div id=\"col-1688057165\" class=\"col medium-3 small-12 large-3\"  >\n\t\t\t\t<div class=\"col-inner\"  >\n\t\t\t\n\t\t\t\n\t\t<\/div>\n\t\t\t\t\t<\/div>\n\n\t\n\n\t<div id=\"col-751071096\" class=\"col medium-9 small-12 large-9\"  >\n\t\t\t\t<div class=\"col-inner\"  >\n\t\t\t\n\t\t\t\n<div class=\"is-divider divider clearfix\" style=\"margin-top:0px;margin-bottom:0px;max-width:100%;height:1px;\"><\/div>\n\t\t<\/div>\n\t\t\t\t\t<\/div>\n\n\t\n<\/div>\n<div class=\"row generic-page\"  id=\"row-1475685714\">\n\n\t<div id=\"col-542114062\" class=\"col medium-3 small-12 large-3\"  >\n\t\t\t\t<div class=\"col-inner\"  >\n\t\t\t\n\t\t\t\n<ul class=\"sidebar-wrapper ul-reset\"><div class=\"textwidget custom-html-widget\"><div class=\"sidebar first-el sidebar-transp\">\r\n<hr>\r\n<p><a href=\"https:\/\/www.confagricoltura.org\/bologna\/chi-siamo\/\" target=\"_self\">Confagricoltura Bologna<\/a><\/p>\r\n<hr>\r\n<p><a href=\"https:\/\/www.confagricoltura.org\/bologna\/dirigenti\/\" target=\"_self\">Dirigenza<\/a><\/p>\r\n<hr>\r\n<p><a href=\"https:\/\/www.confagricoltura.org\/bologna\/servizi\/\" target=\"_self\">Servizi<\/a><\/p>\r\n<hr>\r\n<p><a href=\"https:\/\/www.confagricoltura.org\/bologna\/attivita-sindacali\/\" target=\"_self\">Attivit\u00e0 sindacali<\/a><\/p>\r\n<hr>\r\n<p><a href=\"https:\/\/www.confagricoltura.org\/bologna\/organigramma\/\" target=\"_self\">Organigramma<\/a><\/p>\r\n<hr>\r\n<p><a href=\"https:\/\/www.confagricoltura.org\/bologna\/enti-collegati\/\" target=\"_self\">Enti collegati<\/a><\/p>\r\n<hr>\r\n<p><a href=\"https:\/\/www.confagricoltura.org\/bologna\/contatti\/\" target=\"_self\">Contatti<\/a><\/p>\r\n<hr>\r\n\t<p><a href=\"https:\/\/www.confagricoltura.org\/bologna\/link-di-interesse\/\" target=\"_self\">Link di interesse<\/a><\/p>\r\n<hr>\r\n<p><a href=\"https:\/\/www.confagricoltura.org\/bologna\/whistleblowing\/\" target=\"_self\">Whistleblowing<\/a><\/p>\r\n<hr>\r\n<\/div><\/div><div class=\"textwidget custom-html-widget\"><div class=\"sidebar sidebar-blu sidebar-nomenu\">\r\n<h5>Link<\/h5>\r\n<hr>\r\n<a href=\"https:\/\/www.confagricoltura.org\/bologna\/enti-associati\/caa-confagricoltura\/\" target=\"_self\"><p>CAA Confagricoltura Emilia Romagna<\/p><\/a>\r\n<hr>\r\n<a href=\"https:\/\/www.confagricoltura.org\/bologna\/enti-associati\/agriturist\/\" target=\"_self\"><p>Agriturist Bologna<\/p><\/a>\r\n<hr>\r\n<a href=\"https:\/\/www.confagricoltura.org\/bologna\/enti-associati\/anga\/\" target=\"_self\"><p>Anga Giovani Agricoltori<\/p><\/a>\r\n<hr>\r\n<a href=\"https:\/\/www.confagricoltura.org\/bologna\/enti-associati\/enapa\/\" target=\"_self\"><p>Patronato Enapa<\/p><\/a>\r\n<hr>\r\n<a href=\"https:\/\/www.confagricoltura.org\/bologna\/enti-associati\/confagricoltura-donna\/\" target=\"_self\"><p>Confagricoltura Donna<\/p><\/a>\r\n<\/div><\/div><div class=\"textwidget custom-html-widget\"><div class=\"sidebar sidebar-blu sidebar-nomenu\">\r\n<h5>Link di interesse<\/h5>\r\n<hr>\r\n<a href=\"http:\/\/www.terredibologna.it\/\" target=\"_blank\"><p>Terre di Bologna<\/p><\/a>\r\n<hr>\r\n<a href=\"http:\/\/www.agrifidi.it\/\" target=\"_blank\"><p>Agrifidi<\/p><\/a>\r\n<hr>\r\n<a href=\"http:\/\/www.bo.camcom.it\/\" target=\"_blank\"><p>Camera di Commercio di Bologna<\/p><\/a>\r\n<hr>\r\n<a href=\"http:\/\/www.enterisi.it\/\" target=\"_blank\"><p>Ente Nazionale Risi<\/p><\/a>\r\n<hr>\r\n<a href=\"http:\/\/www.anb.it\/\" target=\"_blank\"><p>ANB Associazione Nazionale Bieticoltori<\/p><\/a>\r\n<hr>\r\n<a href=\"http:\/\/www.coprob.com\/\" target=\"_blank\"><p>COPROB Zuccherificio cooperativo<\/p><\/a>\r\n<\/div><\/div><\/ul>\n\t\t<\/div>\n\t\t\t\t\t<\/div>\n\n\t\n\n\t<div id=\"col-360157277\" class=\"col medium-9 small-12 large-9\"  >\n\t\t\t\t<div class=\"col-inner\"  >\n\t\t\t\n\t\t\t\n<ul class=\"sidebar-wrapper ul-reset\"><div class=\"breadcrumbs\" itemscope itemtype=\"https:\/\/schema.org\/BreadcrumbList\"><span property=\"itemListElement\" typeof=\"ListItem\"><a property=\"item\" typeof=\"WebPage\" title=\"Vai a Confagricoltura Bologna.\" href=\"https:\/\/www.confagricoltura.org\/bologna\" class=\"home\" aria-current=\"page\"><span property=\"name\">Confagricoltura Bologna<\/span><\/a><meta property=\"position\" content=\"1\"><\/span><\/div><\/ul>\n<h1>Enti collegati<\/h1>\n<h2>All&#8217;interno di Confagricoltura Bologna gravitano e sono gestiti una pluralit\u00e0 di enti e associazioni che sono promossi o aderenti.<\/h2>\n\t<div id=\"gap-2020922371\" class=\"gap-element clearfix\" style=\"display:block; height:auto;\">\n\t\t\n<style>\n#gap-2020922371 {\n  padding-top: 30px;\n}\n<\/style>\n\t<\/div>\n\t\n<h3>Segnalazione D.P.O.<\/h3>\n<p>E-mail:<em> <a href=\"mailto:bolognadpo@confagricolturaer.it\">bolognadpo@confagricolturaer.it<\/a><\/em><\/p>\n<h3>Patronato ENAPA<\/h3>\n<h2>Responsabile: Elisa Sangiorgi<br \/>Operatrice: Rosaria Nicoletti<\/h2>\n<p>Svolge le pratiche di natura sociale e previdenziale, assegni familiari, pensioni di vecchiaia, invalidit\u00e0, reversibilit\u00e0, infortuni, iscrizioni, cancellazioni e variazioni presso gli Istituti previdenziali (INPS, INAIL).<br \/><em>Via degli Orti 44, Bologna<\/em><br \/><em>Tel. 051 783980 \/ 051 783981<\/em><br \/><em>Fax 051\/783970<\/em><br \/><em>E-mail: enapa@confagricolturabologna.it\u00a0<\/em><br \/>Ricevimento: Luned\u00ec &#8211; Venerd\u00ec: 8:00 &#8211; 14:00<\/p>\n<p><strong>Recapiti settimanali<\/strong>:<br \/>Bazzano: Via Calzolara, n. 22, Tel. 051 830049<br \/>San Giorgio di Piano Via Libert\u00e0 95 Tel. 051 893690<br \/>San Giovanni in Persiceto Via Caboto 18 Tel. 051 827301<br \/>Sasso Marconi, Via Kennedy, n. 5 c\/o Consorzio Agrario di Bologna e Modena<br \/>Vergato c\/o Dr. Sibilia Luciano Tel. 051 911077<br \/>Imola: Via G. Gronchi, n. 124, Tel. 0542 23135<br \/><span class=\"link-with-arrow\"><a href=\"https:\/\/www.confagricoltura.org\/bologna\/enti-associati\/enapa\/\">Vai alla scheda di Patronato ENAPA Bologna<\/a><\/span><\/p>\n<h3>Confagricoltura Bologna srl <br \/>convenzionato C.A.A.F. Confagricoltura Pensionati s.r.l.<\/h3>\n<h2>Responsabile: Emilia Ruggiero<br \/>Assistente: Paola Gambaccini<\/h2>\n<p><strong>Ufficio amministrazione:<\/strong> Alessia Nicoli<br \/>Sede legale: Via Tosarelli, n. 155, 40055, Villanova di Castenaso (Bo)<br \/>Tel. 051 783920 E-mail: amministrazionesrl@confagricolturabologna.it<\/p>\n<p><strong>Assistenza e consulenza fiscale<br \/><\/strong>Sede operativa: Via degli Orti 44, Bologna<br \/>Tel. 051 783978 \u2013 051 783979 \u2013 051 783990<br \/>Fax 051 783970<br \/>E-mail: caaf@confagricolturabologna.it<\/p>\n<p>Ricevimento:<br \/>Lunedi: 8:30 \u2013 12:30 | 13:30 \u2013 17:30<br \/>Marted\u00ec: 8:30 \u2013 12:30<br \/>Mercoled\u00ec: 8:30 \u2013 12:30 | 13:30 \u2013 17:30<br \/>Gioved\u00ec: 8:30 \u2013 12:30<br \/>Venerd\u00ec: 8:30 \u2013 12:30 | 13:30 \u2013 17:30<\/p>\n<p>D.P.O. email:\u00a0<a href=\"mailto:confagricolturabolognasrl@segnalazionidpo.it\">confagricolturabolognasrl@segnalazionidpo.it<\/a><\/p>\n<p><span class=\"link-with-arrow\"><a href=\"http:\/\/www.confagricoltura.org\/bologna\/wp-content\/uploads\/sites\/4\/2016\/02\/Approvazione-Codice-Etico-Confy-Bo-srl-28-04-16.pdf\">Approvazione Codice Etico Confagricoltura Bologna srl 28-04-16<br \/><\/a><a href=\"http:\/\/www.confagricoltura.org\/bologna\/wp-content\/uploads\/sites\/4\/2016\/02\/Statuto-srl-2015.pdf\">Statuto srl 2015<br \/><\/a><a href=\"https:\/\/www.confagricoltura.org\/bologna\/wp-content\/uploads\/sites\/12\/2024\/07\/Organigramma-Luglio24.pdf\">Organigramma Luglio&#8217;24<\/a><\/span><\/p>\n<p><strong>Organismo di Vigilanza:<\/strong><\/p>\n<p>Dott. Fabrizio Bianchiman<br \/>E-mail:\u00a0<a href=\"mailto:bianchimani@cb-partners.it\">bianchimani@cb-partners.it<\/a><\/p>\n<p><span class=\"link-with-arrow\"><a href=\"https:\/\/www.confagricoltura.org\/bologna\/wp-content\/uploads\/sites\/12\/2024\/03\/Confagricoltura-Bologna-Srl_Parte-Generale.pdf\">Confagricoltura Bologna srl parte generale<br \/><\/a><a href=\"https:\/\/www.confagricoltura.org\/bologna\/wp-content\/uploads\/sites\/12\/2024\/03\/Confagricoltura-Bologna-Srl_Parte-Generale_All-1_Mappatura-aree-e-attivi.pdf\">Confagricoltura Bologna srl parte generale Mappature aree e attivit\u00e0<br \/><\/a><a href=\"http:\/\/www.confagricoltura.org\/bologna\/wp-content\/uploads\/sites\/4\/2019\/09\/Confagricoltura-Bologna-Srl_Parte-Generale_All-2_Statuto-OdV.pdf\">Confagricoltura Bologna s.r.l. Statuto OdV<\/a><\/span><\/p>\n<p>\u00a0<\/p>\n<p><strong>WHISTLEBLOWING:<\/strong><\/p>\n<p><a href=\"https:\/\/www.confagricoltura.org\/bologna\/wp-content\/uploads\/sites\/12\/2024\/03\/Confagricoltura-Bologna-Srl_Procedura-Whistleblowing.pdf\">Confagricoltura Bologna Srl_Procedura Whistleblowing<\/a><br \/><a href=\"https:\/\/www.confagricoltura.org\/bologna\/whistleblowing\/\">Come effettuare una segnlazione<\/a><\/p>\n<p>\u00a0<\/p>\n<h3>CAA Confagricoltura Bologna<\/h3>\n<p><em>Via Tosarelli, n. 155, 40055, Villanova di Castenaso (Bo) <\/em><br \/><em>Tel. 051 783921<\/em><br \/><em>Fax. 051 783900<\/em><br \/><span class=\"link-with-arrow\"><a href=\"https:\/\/www.confagricoltura.org\/bologna\/enti-associati\/caa-confagricoltura\/\">Vai alla scheda di CAA Confagricoltura Emilia Romagna<\/a><\/span><\/p>\n<h3>ANGA<\/h3>\n<h2>Presidente: Enrico Vittori Venenti<\/h2>\n<p>La Sezione Regionale dell\u2019Associazione Nazionale Giovani Agricoltori ANGA, che opera presso Confagricoltura Bologna, ha il compito di associare i giovani che intendono impegnarsi in agricoltura. E\u2019 quindi il naturale anello di congiunzione e di continuazione di ricambio dei Dirigenti e dei Soci dell\u2019Unione stessa.<br \/><em>Via Tosarelli, n. 155, 40055, Villanova di Castenaso (Bo) c\/o Confagricoltura Bologna<\/em><br \/><em>Tel. 051\/783919<\/em><br \/><em>Fax 051\/783900<\/em><br \/><em>E-mail: angabologna@gmail.com<\/em><br \/><span class=\"link-with-arrow\"><a href=\"https:\/\/www.confagricoltura.org\/bologna\/enti-associati\/anga\/\">Vai alla scheda di ANGA Bologna<\/a><\/span><\/p>\n<h3>Consulta Donna di Confagricoltura Bologna aderente a Confagricoltura Donna Emilia &#8211; Romagna<\/h3>\n<h2>Presidente Consulta: Rosanna Scipioni<\/h2>\n<p>Confagricoltura Donna E.R. \u00e8 l\u2019associazione che riunisce le imprenditrici del sistema confederale con l\u2019obiettivo di favorire lo sviluppo dell\u2019imprenditoria femminile e delle pari opportunit\u00e0 nel settore agricolo e, pi\u00f9 in generale, nella societ\u00e0 ed in economia. Confagricoltura Donna E.R. \u00e8 stata costituita nel 2012 da cinque imprenditrici, ciascuna rappresentativa della propria regione.<br \/><em>Via Tosarelli 155, 40055 Villanova di Castenaso (BO)<\/em><br \/><em>Tel. 051 783919 &#8211; Dr.ssa Maria-Stefania Devescovi<\/em><br \/><em><br \/><\/em> <span class=\"link-with-arrow\"><a href=\"https:\/\/www.confagricoltura.org\/bologna\/enti-associati\/confagricoltura-donna\/\">Vai alla scheda di Confagricoltura Donna Bologna<br \/><\/a><a href=\"http:\/\/www.confagricoltura.org\/bologna\/wp-content\/uploads\/sites\/4\/2016\/02\/Convenzione.pdf\">Convenzione<\/a><\/span><\/p>\n<p>\u00a0<\/p>\n<h3>EPS Ente Produttori Selvaggina Bologna<\/h3>\n<h2>Presidente: Antonio Checchi<\/h2>\n<p><strong>E.P.S. Sezione Provinciale di Bologna<br \/><\/strong>c\/o Confagricoltura Bologna<br \/><em>Via Tosarelli 155, 40055 Villanova di Castenaso (BO)<\/em><br \/><em>Tel. 051\/783919<\/em><br \/><em>Fax 051\/783900<\/em><br \/><em>E-mail: segreteria.er@epsitalia.org <\/em><br \/><em>PEC: epsemiliaromagna@confagricoltura.legalmail.it<br \/><\/em><span class=\"link-with-arrow\"><a href=\"https:\/\/www.confagricoltura.org\/bologna\/wp-content\/uploads\/sites\/12\/2024\/02\/Convenzione-Confagricoltura-Bologna-E.P.S.-Bologna.pdf\">Convenzione Confagricoltura Bologna EPS Bologna 2024<\/a><\/span><\/p>\n<p>\u00a0<\/p>\n<h3>Servizio a cura di ASTER (Scienza, Tecnologia, Impresa)<\/h3>\n<p><em>Via Gobetti 101 \u2013 40129 Bologna <\/em><br \/><em>Tel. 051 6398099<\/em><br \/><em>Fax 051 6398131 <\/em><br \/><em>E-mail: first@aster.it<br \/><\/em><span class=\"link-with-arrow\"><a href=\"http:\/\/first.aster.it\/\">Finanziamenti per l\u2019Innovazione, la Ricerca e lo Sviluppo Tecnologico<\/a><\/span><em><br \/><\/em><\/p>\n\t<div id=\"gap-264630653\" class=\"gap-element clearfix\" style=\"display:block; height:auto;\">\n\t\t\n<style>\n#gap-264630653 {\n  padding-top: 30px;\n}\n<\/style>\n\t<\/div>\n\t\n<div class=\"social-icons share-icons share-row relative full-width text-right icon-style-outline\" style=\"font-size:101%\"><a href=\"whatsapp:\/\/send?text=Enti%20collegati - https:\/\/www.confagricoltura.org\/bologna\/enti-collegati\/\" data-action=\"share\/whatsapp\/share\" class=\"icon button circle is-outline tooltip whatsapp show-for-medium\" title=\"Condividi su WhatsApp\" aria-label=\"Condividi su WhatsApp\" ><i class=\"icon-whatsapp\" ><\/i><\/a><a href=\"https:\/\/www.facebook.com\/sharer.php?u=https:\/\/www.confagricoltura.org\/bologna\/enti-collegati\/\" data-label=\"Facebook\" onclick=\"window.open(this.href,this.title,'width=500,height=500,top=300px,left=300px'); return false;\" target=\"_blank\" class=\"icon button circle is-outline tooltip facebook\" title=\"Condividi su Facebook\" aria-label=\"Condividi su Facebook\" rel=\"noopener nofollow\" ><i class=\"icon-facebook\" ><\/i><\/a><a href=\"https:\/\/twitter.com\/share?url=https:\/\/www.confagricoltura.org\/bologna\/enti-collegati\/\" onclick=\"window.open(this.href,this.title,'width=500,height=500,top=300px,left=300px'); return false;\" target=\"_blank\" class=\"icon button circle is-outline tooltip twitter\" title=\"Condividi su Twitter\" aria-label=\"Condividi su Twitter\" rel=\"noopener nofollow\" ><i class=\"icon-twitter\" ><\/i><\/a><a href=\"mailto:?subject=Enti%20collegati&body=Dai%20un%26%23039%3Bocchiata%3A%20https%3A%2F%2Fwww.confagricoltura.org%2Fbologna%2Fenti-collegati%2F\" class=\"icon button circle is-outline tooltip email\" title=\"Invia per email ad un Amico\" aria-label=\"Invia per email ad un Amico\" rel=\"nofollow\" ><i class=\"icon-envelop\" ><\/i><\/a><a href=\"https:\/\/www.linkedin.com\/shareArticle?mini=true&url=https:\/\/www.confagricoltura.org\/bologna\/enti-collegati\/&title=Enti%20collegati\" onclick=\"window.open(this.href,this.title,'width=500,height=500,top=300px,left=300px'); return false;\" target=\"_blank\" class=\"icon button circle is-outline tooltip linkedin\" title=\"Condividi su LinkedIn\" aria-label=\"Condividi su LinkedIn\" rel=\"noopener nofollow\" ><i class=\"icon-linkedin\" ><\/i><\/a><\/div>\n\t\t<\/div>\n\t\t\t\t\t<\/div>\n\n\t\n<\/div>\n<div class=\"row last-update-page\"  id=\"row-174818083\">\n\n\t<div id=\"col-1287173886\" class=\"col small-12 large-12\"  >\n\t\t\t\t<div class=\"col-inner\"  >\n\t\t\t\n\t\t\t\n<hr>\n<p style=\"text-align: center\"><span data-text-color=\"primary\">Ultima modifica: 2 Dicembre 2025<\/span><\/p>\n\t\t<\/div>\n\t\t\t\t\t<\/div>\n\n\t\n<\/div>\n","protected":false},"excerpt":{"rendered":"","protected":false},"author":1,"featured_media":0,"parent":0,"menu_order":0,"comment_status":"closed","ping_status":"closed","template":"page-blank.php","meta":{"wp_mapbox_gl_js_media":[],"footnotes":""},"class_list":["post-5072","page","type-page","status-publish","hentry"],"yoast_head":"<!-- This site is optimized with the Yoast SEO plugin v26.8 - https:\/\/yoast.com\/product\/yoast-seo-wordpress\/ -->\n<title>Enti collegati - Confagricoltura Bologna<\/title>\n<meta name=\"robots\" content=\"index, follow, max-snippet:-1, max-image-preview:large, max-video-preview:-1\" \/>\n<link rel=\"canonical\" href=\"https:\/\/www.confagricoltura.org\/bologna\/enti-collegati\/\" \/>\n<meta property=\"og:locale\" content=\"it_IT\" \/>\n<meta property=\"og:type\" content=\"article\" \/>\n<meta property=\"og:title\" content=\"Enti collegati - Confagricoltura Bologna\" \/>\n<meta property=\"og:url\" content=\"https:\/\/www.confagricoltura.org\/bologna\/enti-collegati\/\" \/>\n<meta property=\"og:site_name\" content=\"Confagricoltura Bologna\" \/>\n<meta property=\"article:modified_time\" content=\"2025-12-02T08:45:58+00:00\" \/>\n<meta name=\"twitter:card\" content=\"summary_large_image\" \/>\n<meta name=\"twitter:label1\" content=\"Tempo di lettura stimato\" \/>\n\t<meta name=\"twitter:data1\" content=\"3 minuti\" \/>\n<script type=\"application\/ld+json\" class=\"yoast-schema-graph\">{\"@context\":\"https:\/\/schema.org\",\"@graph\":[{\"@type\":\"WebPage\",\"@id\":\"https:\/\/www.confagricoltura.org\/bologna\/enti-collegati\/\",\"url\":\"https:\/\/www.confagricoltura.org\/bologna\/enti-collegati\/\",\"name\":\"Enti collegati - Confagricoltura Bologna\",\"isPartOf\":{\"@id\":\"https:\/\/www.confagricoltura.org\/bologna\/#website\"},\"datePublished\":\"2021-03-10T09:04:26+00:00\",\"dateModified\":\"2025-12-02T08:45:58+00:00\",\"breadcrumb\":{\"@id\":\"https:\/\/www.confagricoltura.org\/bologna\/enti-collegati\/#breadcrumb\"},\"inLanguage\":\"it-IT\",\"potentialAction\":[{\"@type\":\"ReadAction\",\"target\":[\"https:\/\/www.confagricoltura.org\/bologna\/enti-collegati\/\"]}]},{\"@type\":\"BreadcrumbList\",\"@id\":\"https:\/\/www.confagricoltura.org\/bologna\/enti-collegati\/#breadcrumb\",\"itemListElement\":[{\"@type\":\"ListItem\",\"position\":1,\"name\":\"Home\",\"item\":\"https:\/\/www.confagricoltura.org\/bologna\/\"},{\"@type\":\"ListItem\",\"position\":2,\"name\":\"Enti collegati\"}]},{\"@type\":\"WebSite\",\"@id\":\"https:\/\/www.confagricoltura.org\/bologna\/#website\",\"url\":\"https:\/\/www.confagricoltura.org\/bologna\/\",\"name\":\"Confagricoltura Bologna\",\"description\":\"Dalla parte degli Agricoltori\",\"potentialAction\":[{\"@type\":\"SearchAction\",\"target\":{\"@type\":\"EntryPoint\",\"urlTemplate\":\"https:\/\/www.confagricoltura.org\/bologna\/?s={search_term_string}\"},\"query-input\":{\"@type\":\"PropertyValueSpecification\",\"valueRequired\":true,\"valueName\":\"search_term_string\"}}],\"inLanguage\":\"it-IT\"}]}<\/script>\n<!-- \/ Yoast SEO plugin. -->","yoast_head_json":{"title":"Enti collegati - Confagricoltura Bologna","robots":{"index":"index","follow":"follow","max-snippet":"max-snippet:-1","max-image-preview":"max-image-preview:large","max-video-preview":"max-video-preview:-1"},"canonical":"https:\/\/www.confagricoltura.org\/bologna\/enti-collegati\/","og_locale":"it_IT","og_type":"article","og_title":"Enti collegati - Confagricoltura Bologna","og_url":"https:\/\/www.confagricoltura.org\/bologna\/enti-collegati\/","og_site_name":"Confagricoltura Bologna","article_modified_time":"2025-12-02T08:45:58+00:00","twitter_card":"summary_large_image","twitter_misc":{"Tempo di lettura stimato":"3 minuti"},"schema":{"@context":"https:\/\/schema.org","@graph":[{"@type":"WebPage","@id":"https:\/\/www.confagricoltura.org\/bologna\/enti-collegati\/","url":"https:\/\/www.confagricoltura.org\/bologna\/enti-collegati\/","name":"Enti collegati - Confagricoltura Bologna","isPartOf":{"@id":"https:\/\/www.confagricoltura.org\/bologna\/#website"},"datePublished":"2021-03-10T09:04:26+00:00","dateModified":"2025-12-02T08:45:58+00:00","breadcrumb":{"@id":"https:\/\/www.confagricoltura.org\/bologna\/enti-collegati\/#breadcrumb"},"inLanguage":"it-IT","potentialAction":[{"@type":"ReadAction","target":["https:\/\/www.confagricoltura.org\/bologna\/enti-collegati\/"]}]},{"@type":"BreadcrumbList","@id":"https:\/\/www.confagricoltura.org\/bologna\/enti-collegati\/#breadcrumb","itemListElement":[{"@type":"ListItem","position":1,"name":"Home","item":"https:\/\/www.confagricoltura.org\/bologna\/"},{"@type":"ListItem","position":2,"name":"Enti collegati"}]},{"@type":"WebSite","@id":"https:\/\/www.confagricoltura.org\/bologna\/#website","url":"https:\/\/www.confagricoltura.org\/bologna\/","name":"Confagricoltura Bologna","description":"Dalla parte degli Agricoltori","potentialAction":[{"@type":"SearchAction","target":{"@type":"EntryPoint","urlTemplate":"https:\/\/www.confagricoltura.org\/bologna\/?s={search_term_string}"},"query-input":{"@type":"PropertyValueSpecification","valueRequired":true,"valueName":"search_term_string"}}],"inLanguage":"it-IT"}]}},"_links":{"self":[{"href":"https:\/\/www.confagricoltura.org\/bologna\/wp-json\/wp\/v2\/pages\/5072","targetHints":{"allow":["GET"]}}],"collection":[{"href":"https:\/\/www.confagricoltura.org\/bologna\/wp-json\/wp\/v2\/pages"}],"about":[{"href":"https:\/\/www.confagricoltura.org\/bologna\/wp-json\/wp\/v2\/types\/page"}],"author":[{"embeddable":true,"href":"https:\/\/www.confagricoltura.org\/bologna\/wp-json\/wp\/v2\/users\/1"}],"replies":[{"embeddable":true,"href":"https:\/\/www.confagricoltura.org\/bologna\/wp-json\/wp\/v2\/comments?post=5072"}],"version-history":[{"count":54,"href":"https:\/\/www.confagricoltura.org\/bologna\/wp-json\/wp\/v2\/pages\/5072\/revisions"}],"predecessor-version":[{"id":7792,"href":"https:\/\/www.confagricoltura.org\/bologna\/wp-json\/wp\/v2\/pages\/5072\/revisions\/7792"}],"wp:attachment":[{"href":"https:\/\/www.confagricoltura.org\/bologna\/wp-json\/wp\/v2\/media?parent=5072"}],"curies":[{"name":"wp","href":"https:\/\/api.w.org\/{rel}","templated":true}]}}