{"version":"1.0","provider_name":"Confagricoltura Bologna","provider_url":"https:\/\/www.confagricoltura.org\/bologna","author_name":"confagricolturabologna","author_url":"https:\/\/www.confagricoltura.org\/bologna\/author\/confagricolturabologna\/","title":"Reddito di inclusione \u2013 rivalutazione importo. - Confagricoltura Bologna","type":"rich","width":600,"height":338,"html":"<blockquote class=\"wp-embedded-content\" data-secret=\"uY13E0gF7I\"><a href=\"https:\/\/www.confagricoltura.org\/bologna\/reddito-di-inclusione-rivalutazione-importo\/\">Reddito di inclusione \u2013 rivalutazione importo.<\/a><\/blockquote><iframe sandbox=\"allow-scripts\" security=\"restricted\" src=\"https:\/\/www.confagricoltura.org\/bologna\/reddito-di-inclusione-rivalutazione-importo\/embed\/#?secret=uY13E0gF7I\" width=\"600\" height=\"338\" title=\"&#8220;Reddito di inclusione \u2013 rivalutazione importo.&#8221; &#8212; Confagricoltura Bologna\" data-secret=\"uY13E0gF7I\" frameborder=\"0\" marginwidth=\"0\" marginheight=\"0\" scrolling=\"no\" class=\"wp-embedded-content\"><\/iframe><script type=\"text\/javascript\">\n\/* <![CDATA[ *\/\n\/*! This file is auto-generated *\/\n!function(d,l){\"use strict\";l.querySelector&&d.addEventListener&&\"undefined\"!=typeof URL&&(d.wp=d.wp||{},d.wp.receiveEmbedMessage||(d.wp.receiveEmbedMessage=function(e){var t=e.data;if((t||t.secret||t.message||t.value)&&!\/[^a-zA-Z0-9]\/.test(t.secret)){for(var s,r,n,a=l.querySelectorAll('iframe[data-secret=\"'+t.secret+'\"]'),o=l.querySelectorAll('blockquote[data-secret=\"'+t.secret+'\"]'),c=new RegExp(\"^https?:$\",\"i\"),i=0;i<o.length;i++)o[i].style.display=\"none\";for(i=0;i<a.length;i++)s=a[i],e.source===s.contentWindow&&(s.removeAttribute(\"style\"),\"height\"===t.message?(1e3<(r=parseInt(t.value,10))?r=1e3:~~r<200&&(r=200),s.height=r):\"link\"===t.message&&(r=new URL(s.getAttribute(\"src\")),n=new URL(t.value),c.test(n.protocol))&&n.host===r.host&&l.activeElement===s&&(d.top.location.href=t.value))}},d.addEventListener(\"message\",d.wp.receiveEmbedMessage,!1),l.addEventListener(\"DOMContentLoaded\",function(){for(var e,t,s=l.querySelectorAll(\"iframe.wp-embedded-content\"),r=0;r<s.length;r++)(t=(e=s[r]).getAttribute(\"data-secret\"))||(t=Math.random().toString(36).substring(2,12),e.src+=\"#?secret=\"+t,e.setAttribute(\"data-secret\",t)),e.contentWindow.postMessage({message:\"ready\",secret:t},\"*\")},!1)))}(window,document);\n\/* ]]> *\/\n<\/script>\n","description":"Con messaggio n. 161 del 17\/01\/2020, l\u2019I.N.P.S. ha provveduto a rivalutare gli importi dei trattamenti previdenziali ed assistenziali con particolare riferimento al Reddito di inclusione (ReI) ed alla Carta acquisti ordinaria. Come si ricorder\u00e0, il cosiddetto Reddito di Inclusione (ReI) \u00e8 una misura di contrasto alla povert\u00e0. Il ReI si compone di due elementi: un","thumbnail_url":"http:\/\/www.confagricoltura.org\/bologna\/wp-content\/uploads\/sites\/4\/2020\/02\/Schema-redditto-di-inclusione.jpg"}

Con messaggio n. 161 del 17/01/2020, l’I.N.P.S. ha provveduto a rivalutare gli importi dei trattamenti previdenziali ed assistenziali con particolare riferimento al Reddito di inclusione (ReI) ed alla Carta acquisti ordinaria. Come si ricorderà, il cosiddetto Reddito di Inclusione (ReI) è una misura di contrasto alla povertà. Il ReI si compone di due elementi: un
